r of 1265530?
True
Is 12 a factor of 5229828?
True
Is 81120 a multiple of 120?
True
Does 6 divide 725022?
True
Is 1440 a factor of 5765649?
False
Is 6 a factor of 197968?
False
Is 91740 a multiple of 12?
True
Is 1906 a factor of 16614714?
False
Is 216 a factor of 680359?
False
Is 1689134 a multiple of 31?
False
Is 532882 a multiple of 36?
False
Is 274863 a multiple of 20?
False
Is 1862080 a multiple of 11?
True
Is 274 a factor of 851708?
False
Is 63 a factor of 7741477?
False
Is 9 a factor of 71987?
False
Is 92 a factor of 362271?
False
Does 99 divide 642832?
False
Does 3 divide 96669?
True
Is 1313051 a multiple of 73?
True
Does 21 divide 4372155?
False
Is 5210816 a multiple of 135?
False
Does 49 divide 67375?
True
Does 402 divide 849762?
False
Is 117722 a multiple of 7?
False
Is 12078717 a multiple of 1345?
False
Does 60 divide 479880?
True
Is 5874628 a multiple of 91?
False
Does 414 divide 905554?
False
Does 75 divide 374100?
True
Is 8384175 a multiple of 675?
True
Is 391020 a multiple of 140?
True
Is 31232 a multiple of 16?
True
Is 565 a factor of 674043?
False
Does 43 divide 16063252?
True
Is 18 a factor of 25054?
False
Is 6 a factor of 824561?
False
Is 672 a multiple of 28?
True
Does 5 divide 64354?
False
Does 6 divide 5395992?
True
Is 24 a factor of 17448?
True
Is 13 a factor of 35702000?
False
Is 11110 a multiple of 363?
False
Does 4 divide 147836?
True
Is 8071642 a multiple of 756?
False
Does 6 divide 26354?
False
Does 19 divide 3642886?
False
Does 5 divide 623046?
False
Is 31 a factor of 69032?
False
Is 2522443 a multiple of 119?
True
Does 10 divide 55462?
False
Does 24 divide 6889?
False
Is 11 a factor of 8457381?
False
Is 10398 a multiple of 4?
False
Is 27 a factor of 230679?
False
Is 91996 a multiple of 422?
True
Is 13 a factor of 71148?
False
Does 1774 divide 24530872?
True
Is 17 a factor of 175644?
True
Does 121 divide 127354?
False
Is 17381280 a multiple of 45?
False
Is 345 a factor of 2767245?
True
Is 2590556 a multiple of 151?
True
Is 120182 a multiple of 50?
False
Does 6 divide 124875?
False
Is 931853 a multiple of 71?
False
Is 1317504 a multiple of 16?
True
Does 247 divide 8789248?
True
Is 1004828 a multiple of 41?
True
Is 106 a factor of 71435?
False
Is 684 a factor of 519840?
True
Is 185592 a multiple of 76?
True
Does 15 divide 477365?
False
Does 133 divide 765901?
False
Is 4 a factor of 117637?
False
Is 1819657 a multiple of 15?
False
Is 303 a factor of 630543?
True
Does 458 divide 451799?
False
Is 2 a factor of 32022?
True
Is 26 a factor of 532679?
False
Does 41 divide 34481?
True
Is 40191 a multiple of 21?
False
Is 131 a factor of 63273?
True
Is 14 a factor of 22687393?
False
Is 68 a factor of 992936?
True
Is 324 a factor of 563666?
False
Is 22 a factor of 866121?
False
Is 8 a factor of 4032?
True
Is 58 a factor of 1219899?
False
Does 229 divide 991827?
False
Does 130 divide 286000?
True
Is 1952849 a multiple of 13?
False
Does 15 divide 4523295?
True
Does 70 divide 223300?
True
Is 1620256 a multiple of 176?
True
Is 2 a factor of 1228752?
True
Does 189 divide 10518?
False
Does 165 divide 831158?
False
Is 286 a factor of 4267406?
True
Is 50817 a multiple of 13?
True
Is 2 a factor of 2827?
False
Is 242804 a multiple of 30?
False
Is 25230 a multiple of 157?
False
Does 79 divide 1655208?
True
Is 7291875 a multiple of 16?
False
Is 514 a factor of 5843039?
False
Does 119 divide 376982?
False
Does 147 divide 2104734?
False
Is 12565512 a multiple of 1464?
True
Does 4 divide 25271?
False
Does 644 divide 5103748?
False
Is 279527 a multiple of 52?
False
Does 8 divide 275952?
True
Does 8 divide 22515?
False
Is 169 a factor of 787371?
True
Is 232 a factor of 36192?
True
Does 1829 divide 20613633?
False
Is 72 a factor of 54140?
False
Is 65 a factor of 3654146?
False
Is 19755 a multiple of 3?
True
Does 73 divide 513482?
True
Does 155 divide 306900?
True
Is 31785 a multiple of 12?
False
Is 208 a factor of 219133?
False
Is 76452 even?
True
Is 192015 a multiple of 15?
True
Does 36 divide 67454?
False
Is 13906763 a multiple of 13?
True
Does 55 divide 1218458?
False
Is 18 a factor of 245095?
False
Is 88 a factor of 2278320?
True
Does 292 divide 1157780?
True
Is 36523 a multiple of 15?
False
Is 496755 a multiple of 9?
True
Is 2363592 a multiple of 154?
True
Does 9 divide 52601?
False
Is 4752 a multiple of 36?
True
Is 10427604 a multiple of 1604?
True
Is 356 a factor of 9966932?
True
Is 12240044 a multiple of 386?
False
Is 852439 a multiple of 214?
False
Does 41 divide 172280?
False
Is 40 a factor of 644774?
False
Does 13 divide 107276?
True
Is 192 a factor of 2717319?
False
Does 563 divide 3560361?
False
Does 34 divide 320314?
True
Is 17399 a multiple of 5?
False
Is 26 a factor of 197548?
True
Does 1028 divide 20288145?
False
Does 54 divide 7971847?
False
Is 37583 a multiple of 7?
True
Does 50 divide 526450?
True
Does 125 divide 1650363?
False
Is 863 a factor of 3374914?
False
Is 2974 a factor of 6266218?
True
Is 2153535 a multiple of 469?
False
Is 52 a factor of 382988?
False
Is 6 a factor of 655278?
True
Is 116 a factor of 349162?
False
Does 19 divide 21983?
True
Is 34930 a multiple of 14?
True
Does 17 divide 215762?
False
Does 319 divide 118550?
False
Does 20 divide 19562?
False
Is 151 a factor of 9664?
True
Is 80 a factor of 4920953?
False
Is 638033 a multiple of 16?
False
Is 21 a factor of 19614?
True
Is 14 a factor of 22141?
False
Is 365 a factor of 568410?
False
Is 2174304 a multiple of 411?
False
Is 21 a factor of 282723?
True
Is 2019545 a multiple of 11?
True
Is 31 a factor of 24583?
True
Is 68 a factor of 5543373?
False
Is 109622 a multiple of 118?
True
Is 288876 a multiple of 198?
False
Does 24 divide 1541035?
False
Is 3 a factor of 121010?
False
Is 14905 a multiple of 11?
True
Is 25 a factor of 1184300?
True
Is 4391100 a multiple of 119?
True
Is 47087 even?
False
Is 74 a factor of 5948806?
False
Is 2 a factor of 193345?
False
Is 37 a factor of 124408?
False
Is 317064 a multiple of 45?
False
Is 71164 a multiple of 303?
False
Is 138083 a multiple of 46?
False
Is 1325412 a multiple of 130?
False
Does 161 divide 404615?
False
Is 2825696 a multiple of 1028?
False
Is 237 a factor of 21594966?
True
Is 37 a factor of 7351382?
True
Is 334512 a multiple of 72?
True
Is 434010 a multiple of 222?
True
Is 119124 a multiple of 6?
True
Does 139 divide 111617?
True
Is 839 a factor of 2428066?
True
Is 366540 a multiple of 20?
True
Is 143 a factor of 4972606?
False
Does 229 divide 174764?
False
Is 998 a factor of 7556856?
True
Is 7 a factor of 22176?
True
Does 97 divide 467264?
False
Does 802 divide 7042139?
False
Is 607230 a multiple of 519?
True
Is 196526 a multiple of 25?
False
Is 3196597 a multiple of 8?
False
Is 3783374 a multiple of 570?
False
Is 3 a factor of 178092?
True
Is 35332 a multiple of 11?
True
Does 58 divide 1104527?
False
Does 1105 divide 251940?
True
Is 132 a factor of 1381248?
True
Does 292 divide 376096?
True
Is 515094 a multiple of 255?
False
Is 191 a factor of 117656?
True
Is 10367 a multiple of 64?
False
Is 22315 a multiple of 153?
False
Does 22 divide 19514?
True
Does 547 divide 385635?
True
Is 103 a factor of 241389?
False
Is 86 a factor of 1278559?
False
Is 81213 a multiple of 2?
False
Is 8597094 a multiple of 1188?
False
Is 3 a factor of 411183?
True
Is 7 a factor of 59962?
True
Is 71 a factor of 2172174?
True
Does 12 divide 14388?
True
Does 339 divide 152889?
True
Is 264124 a multiple of 140?
False
Does 31 divide 13076854?
True
Is 35715 a multiple of 2?
False
Is 3 a factor of 10101901?
False
Is 297 a factor of 5971185?
True
Does 7 divide 710083?
False
Is 619726 a multiple of 310?
False
Does 166 divide 1430579?
False
Does 9 divide 577250?
False
Is 4 a factor of 7457832?
True
Does 287 divide 2726787?
True
Is 7 a factor of 17441270?
True
Is 46 a factor of 228599?
False
Is 14490 a multiple of 18?
True
Is 2698696 a multiple of 286?
True
Is 8 a factor of 1066455?
False
Does 39 divide 92235?
True
Is 144 a factor of 1205424?
True
Is 11 a factor of 41811?
True
Does 196 divide 473757?
False
Is 524 a factor of 3370960?
False
Does 12 divide 123360?
True
Is 579969 a multiple of 13?
True
Is 565141 a multiple of 11?
False
Is 7 a factor of 56049?
True
Does 35 divide 1062145?
True
Is 677 a factor of 1534759?
True
Does 72 divide 444